{"id":551,"date":"2016-04-01T12:04:06","date_gmt":"2016-04-01T12:04:06","guid":{"rendered":"http:\/\/campinglabedure.com\/?page_id=551"},"modified":"2026-03-19T21:34:24","modified_gmt":"2026-03-19T21:34:24","slug":"tarieven-reserveren","status":"publish","type":"page","link":"https:\/\/www.campinglabedure.com\/de\/preise-und-reservieren\/","title":{"rendered":"Preise und reservieren"},"content":{"rendered":"<p>[vc_row][vc_column][vc_column_text][\/vc_column_text][\/vc_column][\/vc_row][vc_row][vc_column][vc_raw_html]JTNDaWZyYW1lJTIwc3JjJTNEJTIyaHR0cHMlM0ElMkYlMkZib29raW5ncy5jYW1waW5nbGFiZWR1cmUuY29tJTNGbGFuZyUzRGRlJTIyJTIwd2lkdGglM0QlMjIxMDAlMjUlMjIlMjBoZWlnaHQlM0QlMjIxNDAwJTIyJTIwZnJhbWVib3JkZXIlM0QlMjIwJTIyJTIwc2Nyb2xsaW5nJTNEJTIyYXV0byUyMiUyMHN0eWxlJTNEJTIyd2lkdGglM0ExMDAlMjUlM0IlMjBtaW4taGVpZ2h0JTNBMTQwMHB4JTNCJTIwYm9yZGVyJTNBbm9uZSUzQiUyMGRpc3BsYXklM0FibG9jayUzQiUyMiUzRSUzQyUyRmlmcmFtZSUzRQ==[\/vc_raw_html][vc_column_text]<\/p>\n<h5>Der Campingplatz ist vom 1. Mai bis 15. September 2026 ge\u00f6ffnet.<\/h5>\n<h6><strong>Die Preise pro Tag \u00a0<\/strong><\/h6>\n<p><a href=\"https:\/\/www.campinglabedure.com\/wp-content\/uploads\/2024\/01\/Plattegrond-La-bedure2024-3.pdf-3.pdf\" target=\"_blank\" rel=\"noopener noreferrer\"><img loading=\"lazy\" decoding=\"async\" class=\"wp-image-2033 size-medium alignright\" src=\"https:\/\/www.campinglabedure.com\/wp-content\/uploads\/2024\/01\/Plattegrond-La-bedure2024-3.pdf-3-pdf-300x212.jpg\" alt=\"\" width=\"300\" height=\"212\" \/><\/a><\/p>\n<table>\n<tbody>\n<tr>\n<td width=\"302\"><strong>2 Personen mit Zelt + Auto oder Wohnwagen\/Faltcaravan + Auto oder Wohnmobil<\/strong><\/td>\n<td width=\"302\"><\/td>\n<\/tr>\n<tr>\n<td width=\"302\">Nebensaison: 01\/05 &#8211; 04\/07 &amp; 31\/08 &#8211; 15\/09<\/td>\n<td width=\"302\">\u20ac 16,50<\/td>\n<\/tr>\n<tr>\n<td width=\"302\">Hochsaison: 05\/07 &#8211; 30\/08<\/td>\n<td width=\"302\">\u20ac 21,00<\/td>\n<\/tr>\n<tr>\n<td width=\"302\">Elektrizit\u00e4t 6 Ampere<\/td>\n<td width=\"302\">\u20ac 3,50<\/td>\n<\/tr>\n<tr>\n<td width=\"302\">Pro zus\u00e4tzliche Person<\/td>\n<td width=\"302\">\u20ac 3,50<\/td>\n<\/tr>\n<tr>\n<td width=\"302\">Kind bis 7 Jahre<\/td>\n<td width=\"302\">\u20ac 1,50<\/td>\n<\/tr>\n<tr>\n<td width=\"302\">Privates Sanit\u00e4r (Toilette, Waschbecken und Dusche)<br \/>\nMindestaufenthalt 3 Tage<\/td>\n<td width=\"302\">\u20ac 12,00<\/td>\n<\/tr>\n<tr>\n<td width=\"302\">Hund<\/td>\n<td width=\"302\">\u20ac 2,00<\/td>\n<\/tr>\n<tr>\n<td width=\"302\">Kurtaxe pro Person und Nacht<\/td>\n<td width=\"302\">\u20ac 0,50<\/td>\n<\/tr>\n<\/tbody>\n<\/table>\n<p>&nbsp;<\/p>\n<p>Rabatt in der Nebensaison<br \/>\nBei einem Aufenthalt von 6 N\u00e4chten oder mehr in der Nebensaison gew\u00e4hren wir 10% Rabatt auf den Stellplatzpreis.<br \/>\n\u2192 Die Vorsaison l\u00e4uft bis Samstag, den 4. Juli 2026.<br \/>\n\u2192 Die Nachsaison beginnt am Montag, den 31. August 2026.<\/p>\n<p><strong>W\u00e4hlen Sie einen sch\u00f6nen Stellplatz!<\/strong><\/p>\n<p>Wenn Sie sicher sein m\u00f6chten, einen sch\u00f6nen Stellplatz auf unserem Campingplatz zu bekommen, empfehlen wir Ihnen, rechtzeitig zu buchen. Im Reservierungsformular k\u00f6nnen Sie einen Wunschstellplatz angeben. Wir versuchen, dies so weit wie m\u00f6glich zu ber\u00fccksichtigen. Auf dem Lageplan finden Sie eine \u00dcbersicht der Stellpl\u00e4tze. In der Stellplatz\u00fcbersicht finden Sie weitere Informationen zu den einzelnen Pl\u00e4tzen. F\u00fcr G\u00e4ste, die bereits bei uns waren, ist es gut zu wissen, dass die Stellpl\u00e4tze 7 bis 11 jetzt eben sind.<\/p>\n<p><strong>Privates Sanit\u00e4r<\/strong><\/p>\n<p>Seit der Saison 2021 bieten wir vier private Sanit\u00e4ranlagen an, die f\u00fcr mindestens 3 Tage reserviert werden k\u00f6nnen. Jede Einheit verf\u00fcgt \u00fcber eine Toilette, ein Waschbecken und eine Dusche. F\u00fcr die private Nutzung erhalten Sie einen Schl\u00fcssel. Der Preis betr\u00e4gt \u20ac 12,00 pro Tag. Sie sind daf\u00fcr verantwortlich, das Sanit\u00e4r w\u00e4hrend Ihres Aufenthalts sauber zu halten und es bei Ihrer Abreise sauber zu hinterlassen. Wenn Sie Interesse haben, geben Sie dies bitte bei der Reservierung an. Wir informieren Sie, ob ein privates Sanit\u00e4r in Ihrem gew\u00fcnschten Zeitraum verf\u00fcgbar ist. Eine Sp\u00fclm\u00f6glichkeit ist ebenfalls vorhanden.<\/p>\n<p><strong>Wohnmobile<\/strong><\/p>\n<p>Wir sind ein kleiner Campingplatz. Wenn Sie planen, uns mit einem Wohnmobil zu besuchen oder zu buchen, beachten Sie bitte, dass wir in der Hochsaison nur kleine Wohnmobile auf regul\u00e4ren Stellpl\u00e4tzen unterbringen k\u00f6nnen, zum Beispiel zwischen Zelten und Wohnwagen. Ein kleines Wohnmobil ist maximal 6,8 Meter lang und hat ein maximales Gewicht von 3.000 kg. F\u00fcr gr\u00f6\u00dfere und schwerere Wohnmobile stehen einige spezielle Stellpl\u00e4tze zur Verf\u00fcgung.<\/p>\n<p><img loading=\"lazy\" decoding=\"async\" class=\"alignleft wp-image-1561\" src=\"https:\/\/www.campinglabedure.com\/wp-content\/uploads\/2019\/12\/Anwb-kleine-camping.jpg\" alt=\"\" width=\"127\" height=\"130\" \/><\/p>\n<p><img loading=\"lazy\" decoding=\"async\" class=\"alignleft wp-image-1211\" src=\"https:\/\/www.campinglabedure.com\/wp-content\/uploads\/2019\/03\/SVR-logo-3-300x188.jpg\" alt=\"\" width=\"208\" height=\"130\" srcset=\"https:\/\/www.campinglabedure.com\/wp-content\/uploads\/2019\/03\/SVR-logo-3-300x188.jpg 300w, https:\/\/www.campinglabedure.com\/wp-content\/uploads\/2019\/03\/SVR-logo-3-768x481.jpg 768w, https:\/\/www.campinglabedure.com\/wp-content\/uploads\/2019\/03\/SVR-logo-3-1024x642.jpg 1024w, https:\/\/www.campinglabedure.com\/wp-content\/uploads\/2019\/03\/SVR-logo-3-720x451.jpg 720w, https:\/\/www.campinglabedure.com\/wp-content\/uploads\/2019\/03\/SVR-logo-3.jpg 1087w\" sizes=\"auto, (max-width: 208px) 100vw, 208px\" \/><\/p>\n<p><img loading=\"lazy\" decoding=\"async\" class=\"alignleft wp-image-1210\" src=\"https:\/\/www.campinglabedure.com\/wp-content\/uploads\/2019\/03\/ADAC-inspected-web-300x300.jpg\" alt=\"\" width=\"131\" height=\"130\" srcset=\"https:\/\/www.campinglabedure.com\/wp-content\/uploads\/2019\/03\/ADAC-inspected-web-300x300.jpg 300w, https:\/\/www.campinglabedure.com\/wp-content\/uploads\/2019\/03\/ADAC-inspected-web-150x150.jpg 150w, https:\/\/www.campinglabedure.com\/wp-content\/uploads\/2019\/03\/ADAC-inspected-web-100x100.jpg 100w, https:\/\/www.campinglabedure.com\/wp-content\/uploads\/2019\/03\/ADAC-inspected-web.jpg 471w\" sizes=\"auto, (max-width: 131px) 100vw, 131px\" \/><\/p>\n<p><img loading=\"lazy\" decoding=\"async\" class=\"alignleft wp-image-1562\" src=\"https:\/\/www.campinglabedure.com\/wp-content\/uploads\/2019\/12\/2019-GarantieCamping-logo-72dpi-rgb-400-o4vkn9b7op1srqbymkawlbtrpekn8ug82xtb0cxsr4-300x150.png\" alt=\"\" width=\"260\" height=\"130\" srcset=\"https:\/\/www.campinglabedure.com\/wp-content\/uploads\/2019\/12\/2019-GarantieCamping-logo-72dpi-rgb-400-o4vkn9b7op1srqbymkawlbtrpekn8ug82xtb0cxsr4-300x150.png 300w, https:\/\/www.campinglabedure.com\/wp-content\/uploads\/2019\/12\/2019-GarantieCamping-logo-72dpi-rgb-400-o4vkn9b7op1srqbymkawlbtrpekn8ug82xtb0cxsr4.png 400w\" sizes=\"auto, (max-width: 260px) 100vw, 260px\" \/><\/p>\n<p><img loading=\"lazy\" decoding=\"async\" class=\"alignleft wp-image-1490\" src=\"https:\/\/www.campinglabedure.com\/wp-content\/uploads\/2019\/06\/Logo-MCCard-Web.-png-300x53.png\" alt=\"\" width=\"254\" height=\"45\" srcset=\"https:\/\/www.campinglabedure.com\/wp-content\/uploads\/2019\/06\/Logo-MCCard-Web.-png-300x53.png 300w, https:\/\/www.campinglabedure.com\/wp-content\/uploads\/2019\/06\/Logo-MCCard-Web.-png.png 735w\" sizes=\"auto, (max-width: 254px) 100vw, 254px\" \/><\/p>\n<p>&nbsp;<\/p>\n<p>&nbsp;<\/p>\n<p>&nbsp;<\/p>\n<p>&nbsp;<\/p>\n<p>&nbsp;<\/p>\n<p>[\/vc_column_text][\/vc_column][\/vc_row][vc_row][vc_column][\/vc_column][\/vc_row][vc_row][vc_column][vc_column_text][\/vc_column_text][\/vc_column][\/vc_row]<\/p>","protected":false},"excerpt":{"rendered":"<p>[vc_row][vc_column][vc_column_text][\/vc_column_text][\/vc_column][\/vc_row][vc_row][vc_column][vc_raw_html]JTNDaWZyYW1lJTIwc3JjJTNEJTIyaHR0cHMlM0ElMkYlMkZib29raW5ncy5jYW1waW5nbGFiZWR1cmUuY29tJTNGbGFuZyUzRGRlJTIyJTIwd2lkdGglM0QlMjIxMDAlMjUlMjIlMjBoZWlnaHQlM0QlMjIxNDAwJTIyJTIwZnJhbWVib3JkZXIlM0QlMjIwJTIyJTIwc2Nyb2xsaW5nJTNEJTIyYXV0byUyMiUyMHN0eWxlJTNEJTIyd2lkdGglM0ExMDAlMjUlM0IlMjBtaW4taGVpZ2h0JTNBMTQwMHB4JTNCJTIwYm9yZGVyJTNBbm9uZSUzQiUyMGRpc3BsYXklM0FibG9jayUzQiUyMiUzRSUzQyUyRmlmcmFtZSUzRQ==[\/vc_raw_html][vc_column_text] Der Campingplatz ist vom 1. Mai bis 15. September 2026 ge\u00f6ffnet. Die Preise pro Tag \u00a0 2 Personen mit Zelt + Auto oder Wohnwagen\/Faltcaravan + Auto oder Wohnmobil Nebensaison: 01\/05 &#8211; 04\/07 &amp; 31\/08 &#8211; 15\/09 \u20ac 16,50 Hochsaison: 05\/07 &#8211; 30\/08 \u20ac 21,00 Elektrizit\u00e4t 6 Ampere \u20ac 3,50 Pro zus\u00e4tzliche Person \u20ac 3,50 [&hellip;]<\/p>\n","protected":false},"author":1,"featured_media":0,"parent":0,"menu_order":0,"comment_status":"closed","ping_status":"closed","template":"","meta":{"_exactmetrics_skip_tracking":false,"_exactmetrics_sitenote_active":false,"_exactmetrics_sitenote_note":"","_exactmetrics_sitenote_category":0,"footnotes":""},"class_list":["post-551","page","type-page","status-publish","hentry"],"_links":{"self":[{"href":"https:\/\/www.campinglabedure.com\/de\/wp-json\/wp\/v2\/pages\/551","targetHints":{"allow":["GET"]}}],"collection":[{"href":"https:\/\/www.campinglabedure.com\/de\/wp-json\/wp\/v2\/pages"}],"about":[{"href":"https:\/\/www.campinglabedure.com\/de\/wp-json\/wp\/v2\/types\/page"}],"author":[{"embeddable":true,"href":"https:\/\/www.campinglabedure.com\/de\/wp-json\/wp\/v2\/users\/1"}],"replies":[{"embeddable":true,"href":"https:\/\/www.campinglabedure.com\/de\/wp-json\/wp\/v2\/comments?post=551"}],"version-history":[{"count":162,"href":"https:\/\/www.campinglabedure.com\/de\/wp-json\/wp\/v2\/pages\/551\/revisions"}],"predecessor-version":[{"id":2154,"href":"https:\/\/www.campinglabedure.com\/de\/wp-json\/wp\/v2\/pages\/551\/revisions\/2154"}],"wp:attachment":[{"href":"https:\/\/www.campinglabedure.com\/de\/wp-json\/wp\/v2\/media?parent=551"}],"curies":[{"name":"wp","href":"https:\/\/api.w.org\/{rel}","templated":true}]}}

<p>[vc_row][vc_column][vc_column_text][/vc_column_text][/vc_column][/vc_row][vc_row][vc_column][vc_raw_html]JTNDaWZyYW1lJTIwc3JjJTNEJTIyaHR0cHMlM0ElMkYlMkZib29raW5ncy5jYW1waW5nbGFiZWR1cmUuY29tJTNGbGFuZyUzRGRlJTIyJTIwd2lkdGglM0QlMjIxMDAlMjUlMjIlMjBoZWlnaHQlM0QlMjIxNDAwJTIyJTIwZnJhbWVib3JkZXIlM0QlMjIwJTIyJTIwc2Nyb2xsaW5nJTNEJTIyYXV0byUyMiUyMHN0eWxlJTNEJTIyd2lkdGglM0ExMDAlMjUlM0IlMjBtaW4taGVpZ2h0JTNBMTQwMHB4JTNCJTIwYm9yZGVyJTNBbm9uZSUzQiUyMGRpc3BsYXklM0FibG9jayUzQiUyMiUzRSUzQyUyRmlmcmFtZSUzRQ==[/vc_raw_html][vc_column_text]</p>
<h5>Der Campingplatz ist vom 1. Mai bis 15. September 2026 geöffnet.</h5>
<h6><strong>Die Preise pro Tag  </strong></h6>
<p><a href="https://www.campinglabedure.com/wp-content/uploads/2024/01/Plattegrond-La-bedure2024-3.pdf-3.pdf" target="_blank" rel="noopener noreferrer"><img loading="lazy" decoding="async" class="wp-image-2033 size-medium alignright" src="https://www.campinglabedure.com/wp-content/uploads/2024/01/Plattegrond-La-bedure2024-3.pdf-3-pdf-300x212.jpg" alt="" width="300" height="212" /></a></p>
<table>
<tbody>
<tr>
<td width="302"><strong>2 Personen mit Zelt + Auto oder Wohnwagen/Faltcaravan + Auto oder Wohnmobil</strong></td>
<td width="302"></td>
</tr>
<tr>
<td width="302">Nebensaison: 01/05 &#8211; 04/07 &amp; 31/08 &#8211; 15/09</td>
<td width="302">€ 16,50</td>
</tr>
<tr>
<td width="302">Hochsaison: 05/07 &#8211; 30/08</td>
<td width="302">€ 21,00</td>
</tr>
<tr>
<td width="302">Elektrizität 6 Ampere</td>
<td width="302">€ 3,50</td>
</tr>
<tr>
<td width="302">Pro zusätzliche Person</td>
<td width="302">€ 3,50</td>
</tr>
<tr>
<td width="302">Kind bis 7 Jahre</td>
<td width="302">€ 1,50</td>
</tr>
<tr>
<td width="302">Privates Sanitär (Toilette, Waschbecken und Dusche)<br />
Mindestaufenthalt 3 Tage</td>
<td width="302">€ 12,00</td>
</tr>
<tr>
<td width="302">Hund</td>
<td width="302">€ 2,00</td>
</tr>
<tr>
<td width="302">Kurtaxe pro Person und Nacht</td>
<td width="302">€ 0,50</td>
</tr>
</tbody>
</table>
<p>&nbsp;</p>
<p>Rabatt in der Nebensaison<br />
Bei einem Aufenthalt von 6 Nächten oder mehr in der Nebensaison gewähren wir 10% Rabatt auf den Stellplatzpreis.<br />
→ Die Vorsaison läuft bis Samstag, den 4. Juli 2026.<br />
→ Die Nachsaison beginnt am Montag, den 31. August 2026.</p>
<p><strong>Wählen Sie einen schönen Stellplatz!</strong></p>
<p>Wenn Sie sicher sein möchten, einen schönen Stellplatz auf unserem Campingplatz zu bekommen, empfehlen wir Ihnen, rechtzeitig zu buchen. Im Reservierungsformular können Sie einen Wunschstellplatz angeben. Wir versuchen, dies so weit wie möglich zu berücksichtigen. Auf dem Lageplan finden Sie eine Übersicht der Stellplätze. In der Stellplatzübersicht finden Sie weitere Informationen zu den einzelnen Plätzen. Für Gäste, die bereits bei uns waren, ist es gut zu wissen, dass die Stellplätze 7 bis 11 jetzt eben sind.</p>
<p><strong>Privates Sanitär</strong></p>
<p>Seit der Saison 2021 bieten wir vier private Sanitäranlagen an, die für mindestens 3 Tage reserviert werden können. Jede Einheit verfügt über eine Toilette, ein Waschbecken und eine Dusche. Für die private Nutzung erhalten Sie einen Schlüssel. Der Preis beträgt € 12,00 pro Tag. Sie sind dafür verantwortlich, das Sanitär während Ihres Aufenthalts sauber zu halten und es bei Ihrer Abreise sauber zu hinterlassen. Wenn Sie Interesse haben, geben Sie dies bitte bei der Reservierung an. Wir informieren Sie, ob ein privates Sanitär in Ihrem gewünschten Zeitraum verfügbar ist. Eine Spülmöglichkeit ist ebenfalls vorhanden.</p>
<p><strong>Wohnmobile</strong></p>
<p>Wir sind ein kleiner Campingplatz. Wenn Sie planen, uns mit einem Wohnmobil zu besuchen oder zu buchen, beachten Sie bitte, dass wir in der Hochsaison nur kleine Wohnmobile auf regulären Stellplätzen unterbringen können, zum Beispiel zwischen Zelten und Wohnwagen. Ein kleines Wohnmobil ist maximal 6,8 Meter lang und hat ein maximales Gewicht von 3.000 kg. Für größere und schwerere Wohnmobile stehen einige spezielle Stellplätze zur Verfügung.</p>
<p><img loading="lazy" decoding="async" class="alignleft wp-image-1561" src="https://www.campinglabedure.com/wp-content/uploads/2019/12/Anwb-kleine-camping.jpg" alt="" width="127" height="130" /></p>
<p><img loading="lazy" decoding="async" class="alignleft wp-image-1211" src="https://www.campinglabedure.com/wp-content/uploads/2019/03/SVR-logo-3-300x188.jpg" alt="" width="208" height="130" srcset="https://www.campinglabedure.com/wp-content/uploads/2019/03/SVR-logo-3-300x188.jpg 300w, https://www.campinglabedure.com/wp-content/uploads/2019/03/SVR-logo-3-768x481.jpg 768w, https://www.campinglabedure.com/wp-content/uploads/2019/03/SVR-logo-3-1024x642.jpg 1024w, https://www.campinglabedure.com/wp-content/uploads/2019/03/SVR-logo-3-720x451.jpg 720w, https://www.campinglabedure.com/wp-content/uploads/2019/03/SVR-logo-3.jpg 1087w" sizes="auto, (max-width: 208px) 100vw, 208px" /></p>
<p><img loading="lazy" decoding="async" class="alignleft wp-image-1210" src="https://www.campinglabedure.com/wp-content/uploads/2019/03/ADAC-inspected-web-300x300.jpg" alt="" width="131" height="130" srcset="https://www.campinglabedure.com/wp-content/uploads/2019/03/ADAC-inspected-web-300x300.jpg 300w, https://www.campinglabedure.com/wp-content/uploads/2019/03/ADAC-inspected-web-150x150.jpg 150w, https://www.campinglabedure.com/wp-content/uploads/2019/03/ADAC-inspected-web-100x100.jpg 100w, https://www.campinglabedure.com/wp-content/uploads/2019/03/ADAC-inspected-web.jpg 471w" sizes="auto, (max-width: 131px) 100vw, 131px" /></p>
<p><img loading="lazy" decoding="async" class="alignleft wp-image-1562" src="https://www.campinglabedure.com/wp-content/uploads/2019/12/2019-GarantieCamping-logo-72dpi-rgb-400-o4vkn9b7op1srqbymkawlbtrpekn8ug82xtb0cxsr4-300x150.png" alt="" width="260" height="130" srcset="https://www.campinglabedure.com/wp-content/uploads/2019/12/2019-GarantieCamping-logo-72dpi-rgb-400-o4vkn9b7op1srqbymkawlbtrpekn8ug82xtb0cxsr4-300x150.png 300w, https://www.campinglabedure.com/wp-content/uploads/2019/12/2019-GarantieCamping-logo-72dpi-rgb-400-o4vkn9b7op1srqbymkawlbtrpekn8ug82xtb0cxsr4.png 400w" sizes="auto, (max-width: 260px) 100vw, 260px" /></p>
<p><img loading="lazy" decoding="async" class="alignleft wp-image-1490" src="https://www.campinglabedure.com/wp-content/uploads/2019/06/Logo-MCCard-Web.-png-300x53.png" alt="" width="254" height="45" srcset="https://www.campinglabedure.com/wp-content/uploads/2019/06/Logo-MCCard-Web.-png-300x53.png 300w, https://www.campinglabedure.com/wp-content/uploads/2019/06/Logo-MCCard-Web.-png.png 735w" sizes="auto, (max-width: 254px) 100vw, 254px" /></p>
<p>&nbsp;</p>
<p>&nbsp;</p>
<p>&nbsp;</p>
<p>&nbsp;</p>
<p>&nbsp;</p>
<p>[/vc_column_text][/vc_column][/vc_row][vc_row][vc_column][/vc_column][/vc_row][vc_row][vc_column][vc_column_text][/vc_column_text][/vc_column][/vc_row]</p>

<p>[vc_row][vc_column][vc_column_text][/vc_column_text][/vc_column][/vc_row][vc_row][vc_column][vc_raw_html]JTNDaWZyYW1lJTIwc3JjJTNEJTIyaHR0cHMlM0ElMkYlMkZib29raW5ncy5jYW1waW5nbGFiZWR1cmUuY29tJTNGbGFuZyUzRGRlJTIyJTIwd2lkdGglM0QlMjIxMDAlMjUlMjIlMjBoZWlnaHQlM0QlMjIxNDAwJTIyJTIwZnJhbWVib3JkZXIlM0QlMjIwJTIyJTIwc2Nyb2xsaW5nJTNEJTIyYXV0byUyMiUyMHN0eWxlJTNEJTIyd2lkdGglM0ExMDAlMjUlM0IlMjBtaW4taGVpZ2h0JTNBMTQwMHB4JTNCJTIwYm9yZGVyJTNBbm9uZSUzQiUyMGRpc3BsYXklM0FibG9jayUzQiUyMiUzRSUzQyUyRmlmcmFtZSUzRQ==[/vc_raw_html][vc_column_text] Der Campingplatz ist vom 1. Mai bis 15. September 2026 geöffnet. Die Preise pro Tag   2 Personen mit Zelt + Auto oder Wohnwagen/Faltcaravan + Auto oder Wohnmobil Nebensaison: 01/05 &#8211; 04/07 &amp; 31/08 &#8211; 15/09 € 16,50 Hochsaison: 05/07 &#8211; 30/08 € 21,00 Elektrizität 6 Ampere € 3,50 Pro zusätzliche Person € 3,50 [&hellip;]</p>
